{"id":269,"date":"2020-03-15T12:00:21","date_gmt":"2020-03-15T11:00:21","guid":{"rendered":"http:\/\/beedrink.be\/?page_id=269"},"modified":"2020-12-16T22:49:50","modified_gmt":"2020-12-16T21:49:50","slug":"liqueur-au-fruit","status":"publish","type":"page","link":"https:\/\/beedrink.be\/index.php\/liqueur-au-fruit\/","title":{"rendered":"Fruits"},"content":{"rendered":"<blockquote><p><span style=\"color: #ffff00;\">Apr\u00e8s les premiers agrumes qui ont donn\u00e9 \u00ab\u00a0Limoncello\u00a0\u00bb ou encore \u00ab\u00a0Arancello\u00a0\u00bb, des liqueurs ont \u00e9t\u00e9 r\u00e9alis\u00e9es avec de simple fruit. La premi\u00e8re liqueur \u00e0 base de fruit a \u00e9t\u00e9 faite avec des fraises qui se nomme \u00ab\u00a0Fragolino\u00a0\u00bb et bien d&rsquo;autres liqueurs ont suivi ..<\/span><\/p>\n<p><span style=\"color: #ffff00;\">\u00e0 d\u00e9couvrir sur la page d&rsquo;accueil &#8230;<\/span><\/p><\/blockquote>\n","protected":false},"excerpt":{"rendered":"<p>Apr\u00e8s les premiers agrumes qui ont donn\u00e9 \u00ab\u00a0Limoncello\u00a0\u00bb ou encore \u00ab\u00a0Arancello\u00a0\u00bb, des liqueurs ont \u00e9t\u00e9 r\u00e9alis\u00e9es avec de simple fruit. La premi\u00e8re liqueur \u00e0 base de fruit a \u00e9t\u00e9 faite avec des fraises qui se nomme \u00ab\u00a0Fragolino\u00a0\u00bb et bien d&rsquo;autres liqueurs ont suivi .. \u00e0 d\u00e9couvrir sur la page d&rsquo;accueil &#8230;<\/p>\n","protected":false},"author":1,"featured_media":0,"parent":0,"menu_order":4,"comment_status":"closed","ping_status":"closed","template":"","meta":{"footnotes":""},"class_list":["post-269","page","type-page","status-publish","hentry"],"_links":{"self":[{"href":"https:\/\/beedrink.be\/index.php\/wp-json\/wp\/v2\/pages\/269","targetHints":{"allow":["GET"]}}],"collection":[{"href":"https:\/\/beedrink.be\/index.php\/wp-json\/wp\/v2\/pages"}],"about":[{"href":"https:\/\/beedrink.be\/index.php\/wp-json\/wp\/v2\/types\/page"}],"author":[{"embeddable":true,"href":"https:\/\/beedrink.be\/index.php\/wp-json\/wp\/v2\/users\/1"}],"replies":[{"embeddable":true,"href":"https:\/\/beedrink.be\/index.php\/wp-json\/wp\/v2\/comments?post=269"}],"version-history":[{"count":13,"href":"https:\/\/beedrink.be\/index.php\/wp-json\/wp\/v2\/pages\/269\/revisions"}],"predecessor-version":[{"id":826,"href":"https:\/\/beedrink.be\/index.php\/wp-json\/wp\/v2\/pages\/269\/revisions\/826"}],"wp:attachment":[{"href":"https:\/\/beedrink.be\/index.php\/wp-json\/wp\/v2\/media?parent=269"}],"curies":[{"name":"wp","href":"https:\/\/api.w.org\/{rel}","templated":true}]}}